iple of 3?
True
Does 278 divide 4880846?
True
Is 195685 a multiple of 7?
True
Does 25 divide 18226?
False
Is 14 a factor of 36614?
False
Does 33 divide 108586?
False
Does 108 divide 1281636?
True
Is 4 a factor of 26600?
True
Is 391497 a multiple of 37?
True
Is 172 a factor of 126304?
False
Does 348 divide 283968?
True
Is 182300 a multiple of 70?
False
Does 14 divide 115329?
False
Is 444 a factor of 438294?
False
Does 360 divide 14704560?
True
Does 547 divide 1893714?
True
Is 26061 a multiple of 49?
False
Does 7 divide 350096?
False
Is 312 a factor of 343839?
False
Is 18600 a multiple of 37?
False
Is 7248883 a multiple of 434?
False
Is 21 a factor of 1403206?
False
Is 2 a factor of 13254?
True
Is 21456 a multiple of 447?
True
Is 143715 a multiple of 13?
True
Is 80570 a multiple of 854?
False
Is 1131 a factor of 1170585?
True
Is 63 a factor of 740502?
True
Is 728 a factor of 11190518?
False
Is 6 a factor of 246129?
False
Does 4 divide 2131979?
False
Does 12 divide 4958426?
False
Is 1546392 a multiple of 11?
False
Is 9178 a multiple of 24?
False
Does 7 divide 58065?
True
Is 980 a factor of 568184?
False
Is 369 a factor of 1763989?
False
Is 635 a factor of 13673455?
True
Does 293 divide 292763?
False
Is 2354585 a multiple of 1033?
False
Is 12 a factor of 4637?
False
Does 13 divide 182233?
False
Is 66 a factor of 356004?
True
Is 63 a factor of 118334?
False
Is 34 a factor of 1227?
False
Does 103 divide 578963?
True
Is 366520 a multiple of 40?
True
Is 14667228 a multiple of 4?
True
Is 21 a factor of 37890?
False
Does 104 divide 1302184?
True
Does 67 divide 56187?
False
Is 803525 a multiple of 25?
True
Is 1000 a factor of 10619000?
True
Is 327 a factor of 9667?
False
Does 69 divide 73899?
True
Is 1410952 a multiple of 3?
False
Does 22 divide 1831984?
True
Is 34 a factor of 74379?
False
Is 6 a factor of 4357?
False
Is 245340 a multiple of 180?
True
Is 227 a factor of 1781042?
True
Is 1721198 a multiple of 11?
False
Is 430692 a multiple of 521?
False
Is 164681 a multiple of 27?
False
Does 170 divide 323510?
True
Does 5 divide 898433?
False
Is 3322686 a multiple of 315?
False
Is 804006 a multiple of 81?
True
Is 3305039 a multiple of 348?
False
Is 151 a factor of 10626453?
False
Does 1051 divide 1586213?
False
Is 223311 even?
False
Does 175 divide 17150?
True
Is 397277 a multiple of 19?
False
Does 65 divide 136890?
True
Does 7 divide 110032?
False
Is 569 a factor of 1598806?
False
Is 257 a factor of 382746?
False
Does 51 divide 90984?
True
Is 345156 a multiple of 42?
True
Does 61 divide 152243?
False
Is 209208 a multiple of 8?
True
Does 12 divide 8307?
False
Does 39 divide 1877835?
False
Is 29 a factor of 24418?
True
Does 90 divide 211410?
True
Is 18 a factor of 2381905?
False
Is 209952 a multiple of 216?
True
Is 19 a factor of 7113087?
True
Does 25 divide 3788819?
False
Does 20 divide 8300281?
False
Is 84612 a multiple of 33?
True
Is 745380 a multiple of 410?
True
Is 32 a factor of 10569858?
False
Does 9 divide 843484?
False
Is 123775 a multiple of 127?
False
Is 9005076 a multiple of 1476?
True
Is 354228 a multiple of 6?
True
Is 6 a factor of 387892?
False
Is 3451163 even?
False
Is 15 a factor of 26368620?
True
Is 8 a factor of 2702376?
True
Is 7 a factor of 267176?
True
Does 4 divide 75299?
False
Does 42 divide 101682?
True
Is 9 a factor of 423531?
True
Is 399434 a multiple of 67?
False
Does 16 divide 240144?
True
Is 467130 a multiple of 859?
False
Does 3 divide 2563790?
False
Is 71 a factor of 60892?
False
Does 8 divide 26296?
True
Is 6934266 a multiple of 31?
True
Is 187 a factor of 366936?
False
Does 8 divide 8462?
False
Does 127 divide 5461?
True
Does 464 divide 4426560?
True
Does 145 divide 203335?
False
Does 36 divide 24947?
False
Does 101 divide 7491271?
True
Is 182853 a multiple of 99?
True
Does 30 divide 105480?
True
Does 261 divide 9560?
False
Is 74085 a multiple of 70?
False
Does 42 divide 426458?
False
Does 7 divide 81579?
False
Is 11 a factor of 75104?
False
Is 6010023 a multiple of 709?
False
Is 88 a factor of 77745?
False
Is 185094 a multiple of 182?
True
Is 5077313 a multiple of 19?
True
Is 142 a factor of 673506?
True
Is 468 a factor of 12712752?
True
Is 50 a factor of 7782771?
False
Is 61380 a multiple of 209?
False
Is 2290870 a multiple of 1070?
True
Is 397764 a multiple of 58?
True
Is 94466 even?
True
Is 53527 a multiple of 117?
False
Does 47 divide 55747?
False
Is 671330 a multiple of 110?
True
Is 226112 a multiple of 16?
True
Is 78197 a multiple of 90?
False
Is 360759 a multiple of 7?
True
Is 11 a factor of 6425342?
True
Does 54 divide 7397352?
True
Is 12104 a multiple of 5?
False
Is 575 a factor of 857372?
False
Does 5 divide 1364032?
False
Is 3144732 a multiple of 213?
True
Is 8 a factor of 830776?
True
Does 74 divide 2850350?
False
Does 2 divide 14138?
True
Does 18 divide 1410849?
False
Is 351 a factor of 214812?
True
Is 5365914 a multiple of 186?
True
Does 16 divide 90140?
False
Is 2419780 a multiple of 170?
True
Is 383388 a multiple of 6?
True
Is 9035340 a multiple of 20?
True
Is 6559275 a multiple of 75?
True
Does 305 divide 5347?
False
Does 38 divide 3008602?
False
Is 1155105 a multiple of 171?
True
Is 25924316 a multiple of 42?
False
Is 110 a factor of 42985?
False
Is 240 a factor of 996720?
True
Is 435809 a multiple of 488?
False
Is 129 a factor of 22443265?
False
Does 165 divide 337631?
False
Does 23 divide 3642777?
False
Does 3 divide 324?
True
Does 10 divide 4901620?
True
Is 4362848 a multiple of 28?
True
Is 2400840 a multiple of 104?
True
Does 36 divide 1232312?
False
Is 117 a factor of 13293050?
False
Is 586224 a multiple of 108?
True
Does 771 divide 10229628?
True
Is 9 a factor of 99162?
True
Is 311074 a multiple of 8?
False
Is 317 a factor of 1319037?
True
Is 17 a factor of 6090816?
False
Is 170703 a multiple of 9?
True
Is 522181 a multiple of 37?
True
Is 24 a factor of 12216?
True
Is 104 a factor of 275801?
False
Is 228332 a multiple of 13?
True
Does 689 divide 13148187?
True
Is 254896 a multiple of 16?
True
Is 711121 a multiple of 498?
False
Is 349384 a multiple of 14?
True
Is 717572 a multiple of 612?
False
Is 18064 a multiple of 162?
False
Does 256 divide 5857874?
False
Is 85 a factor of 50660?
True
Does 904 divide 2581486?
False
Is 2162160 a multiple of 780?
True
Is 100 a factor of 3144731?
False
Is 244812 a multiple of 655?
False
Is 521 a factor of 47494?
False
Does 25 divide 1137529?
False
Does 5 divide 304046?
False
Is 136 a factor of 1080248?
True
Is 7 a factor of 468951?
True
Is 1818334 a multiple of 20?
False
Is 225045 a multiple of 8?
False
Is 33 a factor of 9952332?
False
Does 977 divide 203653?
False
Is 430953 a multiple of 460?
False
Is 34 a factor of 118165?
False
Does 649 divide 1800326?
True
Is 35 a factor of 11630080?
True
Is 19 a factor of 82065?
False
Is 408 a factor of 543864?
True
Is 54 a factor of 20084?
False
Does 23 divide 47457?
False
Does 45 divide 3960?
True
Is 1840536 a multiple of 108?
True
Does 13 divide 182250?
False
Is 977616 a multiple of 438?
True
Does 20 divide 449655?
False
Is 68 a factor of 607942?
False
Does 85 divide 4229?
False
Is 4596384 a multiple of 232?
True
Is 282 a factor of 371676?
True
Is 160820 a multiple of 430?
True
Is 784922 a multiple of 5?
False
Is 241 a factor of 901018?
False
Does 33 divide 237148?
False
Is 69 a factor of 9591?
True
Does 62 divide 653110?
False
Does 43 divide 176178?
False
Is 2023401 a multiple of 14?
False
Is 1469052 a multiple of 117?
True
Does 11 divide 8822?
True
Is 1364820 a multiple of 7?
False
Is 2503348 a multiple of 14?
False
Is 1101020 a multiple of 4?
True
Does 18 divide 16176?
False
Is 462 a factor of 450786?
False
Is 246480 a multiple of 52?
True
Does 48 divide 6516720?
True
Does 9 divide 1597161?
False
Is 136020 a multiple of 3?
True
Is 21 a factor of 500364?
False
Is 52891 a multiple of 5?
False
Is 41 a factor of 215988?
True
Is 18 a factor of 95760?
True
Is 723750 a multiple of 150?
True
Is 380389 a multiple of 4?
False
Is 365085 a multiple of 61?
True
Is 256789 a multiple of 165?
False
Does 6 divide 714078?
True
Does 103 divide 1289586?
False
Is 5974209 a multiple of 150?
False
Does 24 divide 129822?
False
Is 66645 a multiple of 22?
False
Is 114708 a multiple of 242?
True
Does 18 divide 238759?
False
Does 22 divide 4464